-- https://www.phpmyadmin.net/
--
-- Tempo de geração: 04/07/2026 às 23:18
-- Versão do servidor: 10.11.13-MariaDB-cll-lve
-- Versão do PHP: 8.4.22

START TRANSACTION;



--
-- Banco de dados: `rota4134_crm_delivery`
--

-- --------------------------------------------------------

--
-- Estrutura para tabela `adicionais`
--

CREATE TABLE `adicionais` (
  `id` int(11) NOT NULL,
  `nome` varchar(200) DEFAULT NULL,
  `preco` double DEFAULT 0,
  `ativo` tinyint(4) DEFAULT 1,
  `categoria_id` int(11) DEFAULT 0,
  `descricao` varchar(500) DEFAULT '',
  `pos` int(11) DEFAULT 0
) ENGINE=InnoDB DEFAULT CHARSET=utf8mb4 COLLATE=utf8mb4_general_ci;

--
-- Despejando dados para a tabela `adicionais`
--

INSERT INTO `adicionais` (`id`, `nome`, `preco`, `ativo`, `categoria_id`, `descricao`, `pos`) VALUES
(1, 'ÁGUA SEM GÁS 510ML', 3, 1, 1, '', 0),
(2, 'COCA-COLA 2L', 17, 1, 1, '', 0),
(3, 'FANTA LARANJA 2L', 14, 1, 1, '', 0),
(4, 'FANTA UVA 2L', 14, 1, 1, '', 0),
(5, 'SPRITE 2L', 14, 1, 1, '', 0),
(6, 'ANTARCTICA 2L', 14, 1, 1, '', 0),
(7, 'SUKITA LARANJA 2L', 9, 1, 1, '', 0),
(8, 'SUKITA UVA 2L', 9, 1, 1, '', 0),
(9, 'DOLLY GUARANÁ 2L', 9, 1, 1, '', 0),
(10, 'SUCO LARANJA DEL VALLE 1L', 11, 1, 1, '', 0),
(11, 'SUCO UVA DEL VALLE 1L', 11, 1, 1, '', 0),
(12, 'COCA 600ML', 9, 1, 1, '', 0),
(13, 'COCA-COLA 350ML', 6, 1, 1, '', 0),
(14, 'SKOL 350ML', 6, 1, 1, '', 0),
(15, 'HEINEKEN 330ML', 10, 1, 1, '', 0),
(16, '01# Pizza Calabresa >>Calabresa, cebola, azeitona e orégano', 24, 1, 2, '', 0),
(17, '02# Pizza Muçarela >>Ingredientes da Pizza Urso: Muçarela, tomate, azeitona e orégano', 24, 1, 2, '', 0),
(18, '04# Pizza Calamuça >>Calabresa, muçarela, azeitona e orégano.', 27.5, 1, 2, '', 0),
(19, '05# Pizza Toscana >>Calabresa, muçarela, cebola, azeitona e orégano', 29, 1, 2, '', 0),
(20, '06# Pizza Bacon >> Muçarela, bacon, azeitonas e orégano.', 27, 1, 2, '', 0),
(21, '07# Pizza Marguerita >>Muçarela, tomate, parmesão, manjericão, azeitona e orégano.', 30, 1, 2, '', 0),
(22, '08# Pizza Bauru >>Muçarela, presunto, tomate, azeitona e orégano', 27.5, 1, 2, '', 0),
(23, '09# Pizza Pepperoni >>Muçarela, pepperoni e orégano.', 32.5, 1, 2, '', 0),
(24, '10# Pizza Frango Com Catupiry >>Frango, Catupiry Original, azeitonas e orégano.', 32, 1, 2, '', 0),
(25, '11# Milho e Bacon >>Muçarela milho, bacon, azeitonas e orégano.', 29, 1, 2, '', 0),
(26, '12# Pizza Frango com Queijo  >>', 29.5, 1, 2, '', 0),
(27, '12# Pizza Frango com Queijo >>Frango, queijo, azeitonas e orégano', 29.5, 1, 2, '', 0),
(28, '13# Pizza Frango com Cheddar >>Frango, cheddar, azeitonas e orégano.', 32.5, 1, 2, '', 0),
(29, '14# Pizza Baronesa >>Frango, Muçarela, Requeijão, azeitonas e orégano.', 40, 1, 2, '', 0),
(30, '15# Pizza Baronesa Com Catupiry >> Frango, Muçarela, Catupiry, azeitonas e orégano.', 43.5, 1, 2, '', 0),
(31, '16# Frango, requeijão e bacon >> Frango, requeijão, bacon,, azeitona e orégano.', 34.5, 1, 2, '', 0),
(32, '17# Frango, Catupiry e bacon >> Frango, bacon, Catupiry Original, azeitona e orégano.', 37.5, 1, 2, '', 0),
(33, '18# Pizza Caipira >> Frango, Requeijão, ovo, milho, azeitona verde e orégano.', 32, 1, 2, '', 0),
(34, '19# Caipira Com Catupiry >> Frango, Catupiry, ovo, milho, azeitona verde e orégano.', 35, 1, 2, '', 0),
(35, '20# Calabresa com Requeijão >> Calabresa com requeijão, azeitona e orégano.', 28.5, 1, 2, '', 0),
(36, '21# Calabresa com Catupiry >> Calabresa com Catupiry Original, azeitona e orégano.', 31.5, 1, 2, '', 0),
(37, '22# Toscana Com Requeijão >> Calabresa, muçarela, Requeijão, cebola, azeitona e orégano.', 37, 1, 2, '', 0),
(38, '23# Toscana Com Catupiry >> Calabresa, muçarela, Catupiry, cebola, azeitona e orégano.', 41, 1, 2, '', 0),
(39, '24# Calabresa Chique >> Muçarela, calabresa, bacon, Requeijão, orégano e azeitona verde.', 38.5, 1, 2, '', 0),
(40, '25# Calabresa Chique Catupiry >> Muçarela, calabresa, bacon, Catupiry, orégano e azeitona verde.', 43, 1, 2, '', 0),
(41, '26# Dois Queijos >> Muçarela, Requeijão, azeitona e orégano', 30.5, 1, 2, '', 0),
(42, '27# Dois queijos com Catupiry >> Muçarela, Catupiry Original, azeitona e orégano.', 34, 1, 2, '', 0),
(43, '28# Três Queijos >> Muçarela, parmesão, Requeijão, azeitona e orégano.', 36, 1, 2, '', 0),
(44, '29# Três queijos com Catupiry >> Muçarela, parmesão, Catupiry Original, azeitona e orégano.', 39.5, 1, 2, '', 0),
(45, '30# Pizza Quatro Queijos >> Muçarela, parmesão, provolone, Requeijão, azeitona verde e orégano.', 41.5, 1, 2, '', 0),
(46, '31# Quatro queijo com CATUPIRY >> Provolone, Muçarela, Parmesão, CATUPIRY, azeitona e orégano.', 31.5, 1, 2, '', 0),
(47, '2# Pizza Baiana >> Calabresa, muçarela, ovo, cebola, pimenta de biquinho, pimenta calabresa, molho de pimenta azeitonas e orégano', 30, 1, 2, '', 0),
(48, '33# Alemã >> Bacon, cebola, muçarela, parmesão, azeitonas e orégano.', 30, 1, 2, '', 0),
(49, '34# Americana >> Presunto, bacon, ovos, muçarela, azeitonas e orégano.', 32.5, 1, 2, '', 0),
(50, '35# Pizza Portuguesa 1 >> Muçarela, presunto, ovos, cebola, azeitona e orégano.', 30.5, 1, 2, '', 0),
(51, '36# Pizza Portuguesa 2 >> Muçarela, presunto, ovos, ervilha, milho, palmito, cebola, azeitona e orégano.', 35, 1, 2, '', 0),
(52, '37# Milho >> Muçarela, milho, tomate, azeitonas e orégano. R$ 25,00', 25, 1, 2, '', 0),
(53, '38# Palmito >> Muçarela, palmito, tomate, azeitona e orégano.', 27.5, 1, 2, '', 0),
(54, '39# Catupiry Original >> Catupiry Original, azeitona e orégano.', 27.5, 1, 2, '', 0),
(55, '40# Catupiry e milho >> Catupiry Original, milho, azeitona e orégano', 29, 1, 2, '', 0),
(56, '41# Catupiry e Palmito >> Catupiry Original, palmito, azeitona e orégano.', 31, 1, 2, '', 0),
(57, '42# Brócolis 1 >> Muçarela, brócolis, azeitonas e orégano.', 27.5, 1, 2, '', 0),
(58, '43# Brócolis 2 >> Bacon, muçarela, brócolis, alho frito, azeitonas e orégano.', 31.5, 1, 2, '', 0),
(59, '44# Requeijão com Brócolis >> Requeijão com Brócolis, alho frito, azeitonas e orégano.', 28.5, 1, 2, '', 0),
(60, '45# Catupiry com Brócolis >> Catupiry com Brócolis, alho frito, azeitonas e orégano.', 32, 1, 2, '', 0),
(61, '46# Pizza Vegetariana >> Ervilha, palmito, cebola, muçarela, tomate, azeitona e orégano.', 29, 1, 2, '', 0),
(62, '47# Pizza Abobrinha >> Abobrinha, muçarela, tomate seco, alho frito, azeitona e orégano.', 27.5, 1, 2, '', 0),
(63, '48# Escarola e muçarela >> Muçarela, escarola, azeitonas e orégano.', 26.5, 1, 2, '', 0),
(64, '49# Escarola, muçarela, bacon >> Escarola, muçarela, bacon, alho, azeitonas e orégano.', 30.5, 1, 2, '', 0),
(65, '50# Escarola,muçarela,Catupiry,Bacon >> Escarola, muçarela, Catupiry Original, bacon, alho frito, azeitonas e orégano.', 39, 1, 2, '', 0),
(66, '51# Lombo queijo >> Lombo, muçarela, azeitona e orégano.', 33.5, 1, 2, '', 0),
(67, '52# Lombo, queijo e Catupiry >> Lombo, muçarela, Catupiry Original, azeitona e orégano.', 45, 1, 2, '', 0),
(68, '53# lombo Caturiry >> Lombo, Catupiry Original, azeitonas e orégano.', 34, 1, 2, '', 0),
(69, '54# Champignon >> Muçarela, champignon, azeitona preta e orégano.', 30.5, 1, 2, '', 0),
(70, '55# Siciliana >> Muçarela, bacon, champignon, azeitona preta e orégano.', 34.5, 1, 2, '', 0),
(71, '56# Atum >> Atum, cebola.', 32.5, 1, 2, '', 0),
(72, '57# Peruana >> Atum, muçarela, cebola, azeitonas e orégano.', 37.5, 1, 2, '', 0),
(73, '58# Atum com Catupiry Original >> Atum, Catupiry Original, orégano e azeitonas.', 38.5, 1, 2, '', 0),
(74, '60# Romeu & Julieta >> Muçarela e Goibada .', 27.5, 1, 2, '', 0),
(75, '61# Prestigio >> Chocolate e coco ralado .', 30, 1, 2, '', 0),
(76, '63# Brigadeiro >> Chocolate e chocolate granulado.', 30, 1, 2, '', 0),
(77, '72# Escarola com Catupury >> Escarola , Catupiry , Bacon e alho frito', 34.5, 1, 2, '', 0),
(78, 'Frango com Requeijão >> Frango com Requeijão, Azeitona e Orégano.', 29, 1, 2, '', 0),
(79, 'Cheddar', 20, 1, 3, '', 0),
(80, 'Catupiry', 20, 1, 3, '', 0),
(81, 'Goiabada', 20, 1, 3, '', 0);

-- --------------------------------------------------------

--
-- Estrutura para tabela `agendamentos`
--

CREATE TABLE `agendamentos` (
  `id` int(11) NOT NULL,
  `numero` varchar(100) DEFAULT NULL,
  `mensagem` text DEFAULT NULL,
  `dataHora` varchar(30) DEFAULT NULL,
  `enviado` tinyint(4) DEFAULT 0,
  `criadoEm` varchar(50) DEFAULT NULL
) ENGINE=InnoDB DEFAULT CHARSET=utf8mb4 COLLATE=utf8mb4_general_ci;

-- --------------------------------------------------------

--
-- Estrutura para tabela `bairros`
--

CREATE TABLE `bairros` (
  `id` int(11) NOT NULL,
  `nome` varchar(200) DEFAULT NULL,
  `taxa` double DEFAULT 0,
  `cidade_id` int(11) DEFAULT NULL,
  `ativo` tinyint(4) DEFAULT 1
) ENGINE=InnoDB DEFAULT CHARSET=utf8mb4 COLLATE=utf8mb4_general_ci;

--
-- Despejando dados para a tabela `bairros`
--

INSERT INTO `bairros` (`id`, `nome`, `taxa`, `cidade_id`, `ativo`) VALUES
(1, 'Água Espraiada (Embu das Artes)', 7, 2, 1),
(2, 'Bosque do Embu (Embu das Artes)', 4, 2, 1),
(3, 'Capuava (Embu das Artes)', 7, 2, 1),
(4, 'Centro do Embu (Embu das Artes)', 4, 2, 1),
(5, 'Chácara Aurora (Embu das Artes)', 4.05, 2, 1),
(6, 'Chácara Marajoara (Embu das Artes)', 6, 2, 1),
(7, 'Chácaras Ana Lucia (Embu das Artes)', 5, 2, 1),
(8, 'Chácaras Bartira (Embu das Artes)', 6, 2, 1),
(9, 'Chácaras Lydia (Embu das Artes)', 6, 2, 1),
(10, 'Chácaras São Cristóvão (Embu das Artes)', 7, 2, 1),
(11, 'Condomínio Parque Firenza (Embu das Artes)', 10, 2, 1),
(12, 'Convento (Embu das Artes)', 15, 2, 1),
(13, 'Embu Colonial (Embu das Artes)', 6, 2, 1),
(14, 'Engenho Velho (Embu das Artes)', 4, 2, 1),
(15, 'Estáncia Embuarama (Embu das Artes)', 5, 2, 1),
(16, 'Granja Nossa Sra Aparecid (Embu das Artes)', 8, 2, 1),
(17, 'Invernada (Embu das Artes)', 7, 2, 1),
(18, 'Itatuba (Embu das Artes)', 8, 2, 1),
(19, 'Jardim Colibrir (Cotia)', 12, 1, 1),
(20, 'jardim das oliveiras (Embu das Artes)', 15, 2, 1),
(21, 'Jardim de Lourdes (Embu das Artes)', 6, 2, 1),
(22, 'Jardim Embuema (Embu das Artes)', 5, 2, 1),
(23, 'Jardim Ferreira (Embu das Artes)', 6, 2, 1),
(24, 'Jardim Magali (Embu das Artes)', 7, 2, 1),
(25, 'Jardim Mascarenhas (Embu das Artes)', 4, 2, 1),
(26, 'Jardim Mimas (Embu das Artes)', 10, 2, 1),
(27, 'Jardim Nossa Sra.deFatima (Embu das Artes)', 15, 2, 1),
(28, 'Jardim Novo Embu (Embu das Artes)', 2, 2, 1),
(29, 'Jardim Pinheirinho (Embu das Artes)', 7, 2, 1),
(30, 'Jardim Pinheiro (Embu das Artes)', 7, 2, 1),
(31, 'Jardim Sadie (Embu das Artes)', 7, 2, 1),
(32, 'Jardim Santa Barbara (Embu das Artes)', 7, 2, 1),
(33, 'Jardim Santa Clara (Embu das Artes)', 7, 2, 1),
(34, 'Jardim Santa Rita (Embu das Artes)', 6, 2, 1),
(35, 'Jardim Santo Antonio (Embu das Artes)', 7, 2, 1),
(36, 'Jardim Silvia (Embu das Artes)', 4, 2, 1),
(37, 'Jardim Tome (Embu das Artes)', 8, 2, 1),
(38, 'Parque Industrial (Embu das Artes)', 7, 2, 1),
(39, 'Parque Jane (Embu das Artes)', 8, 2, 1),
(40, 'Parque Luiza (Embu das Artes)', 15, 2, 1),
(41, 'Parque São Leonardo (Embu das Artes)', 10, 2, 1),
(42, 'Ressaca (Embu das Artes)', 15, 2, 1),
(43, 'Santa Luzia (Embu das Artes)', 6, 2, 1),
(44, 'Tingidor (Embu das Artes)', 4, 2, 1),
(45, 'Vale do Sol (Embu das Artes)', 5, 2, 1),
(46, 'Vila Bonfim (Embu das Artes)', 6, 2, 1),
(47, 'Vila Bonfim (Embu das Artes)', 6, 2, 1),
(48, 'Vila Cercado Grande (Embu das Artes)', 4, 2, 1),
(49, 'Vila Marajoara (Embu das Artes)', 7, 2, 1),
(50, 'Vila Maria Auxiliadora (Embu das Artes)', 4, 2, 1),
(51, 'Vista Alegre (Embu das Artes)', 8, 2, 1);

-- --------------------------------------------------------

--
-- Estrutura para tabela `caixa`
--

CREATE TABLE `caixa` (
  `id` int(11) NOT NULL,
  `status` varchar(20) DEFAULT 'fechado',
  `data_abertura` varchar(20) DEFAULT NULL,
  `hora_abertura` varchar(10) DEFAULT NULL,
  `data_fechamento` varchar(20) DEFAULT NULL,
  `hora_fechamento` varchar(10) DEFAULT NULL,
  `observacao` varchar(500) DEFAULT '',
  `total_fechamento` double DEFAULT 0,
  `qtd_fechamento` int(11) DEFAULT 0,
  `total_suprimentos` double DEFAULT 0,
  `total_sangrias` double DEFAULT 0,
  `saldo_livre` double DEFAULT 0
) ENGINE=InnoDB DEFAULT CHARSET=utf8mb4 COLLATE=utf8mb4_general_ci;

--
-- Despejando dados para a tabela `caixa`
--

INSERT INTO `caixa` (`id`, `status`, `data_abertura`, `hora_abertura`, `data_fechamento`, `hora_fechamento`, `observacao`, `total_fechamento`, `qtd_fechamento`, `total_suprimentos`, `total_sangrias`, `saldo_livre`) VALUES
(1, 'fechado', 'â€”', 'â€”', NULL, NULL, '', 0, 0, 0, 0, 0);

-- --------------------------------------------------------

--
-- Estrutura para tabela `caixa_movimentos`
--

CREATE TABLE `caixa_movimentos` (
  `id` int(11) NOT NULL,
  `caixa_id` int(11) NOT NULL,
  `tipo` varchar(10) NOT NULL,
  `valor` double NOT NULL,
  `motivo` varchar(300) DEFAULT '',
  `responsavel` varchar(200) DEFAULT '',
  `criado_em` datetime DEFAULT current_timestamp()
) ENGINE=InnoDB DEFAULT CHARSET=utf8mb4 COLLATE=utf8mb4_general_ci;

-- --------------------------------------------------------

--
-- Estrutura para tabela `categorias`
--

CREATE TABLE `categorias` (
  `id` int(11) NOT NULL,
  `nome` varchar(200) DEFAULT NULL,
  `ordem` int(11) DEFAULT 0,
  `imagem` text DEFAULT NULL
) ENGINE=InnoDB DEFAULT CHARSET=utf8mb4 COLLATE=utf8mb4_general_ci;

--
-- Despejando dados para a tabela `categorias`
--

INSERT INTO `categorias` (`id`, `nome`, `ordem`, `imagem`) VALUES
(1, 'Promoção', 1, '/img_sistema/cat_1783116602749.png'),
(2, 'Pizzas', 0, '/img_sistema/cat_1783116624420.png'),
(3, 'Dois Sabores', 2, '/img_sistema/cat_1783116671630.png'),
(4, 'Pizza Doce', 3, '/img_sistema/cat_1783116756409.png'),
(5, 'Bebidas', 5, '/img_sistema/cat_1783116783220.png'),
(6, 'Combos', 4, '/img_sistema/cat_1783116810204.png');

-- --------------------------------------------------------

--
-- Estrutura para tabela `categorias_adicionais`
--

CREATE TABLE `categorias_adicionais` (
  `id` int(11) NOT NULL,
  `nome` varchar(200) DEFAULT NULL,
  `ordem` int(11) DEFAULT 0,
  `obrigatorio` tinyint(4) DEFAULT 0,
  `maximo` int(11) DEFAULT 5,
  `adicionais_ids` varchar(2000) DEFAULT '[]'
) ENGINE=InnoDB DEFAULT CHARSET=utf8mb4 COLLATE=utf8mb4_general_ci;

--
-- Despejando dados para a tabela `categorias_adicionais`
--

INSERT INTO `categorias_adicionais` (`id`, `nome`, `ordem`, `obrigatorio`, `maximo`, `adicionais_ids`) VALUES
(1, 'Bebidas', 2, 0, 1, '[1,6,12,2,13,9,3,4,15,14,5,10,11,7,8]'),
(2, 'Escolha 2 sabores', 1, 1, 2, '[16,17,18,19,20,21,22,23,24,25,26,27,28,29,30,31,32,33,34,47,35,36,37,38,39,40,41,42,43,44,45,46,48,49,50,51,52,53,54,55,56,57,58,59,60,61,62,63,64,65,66,67,68,69,70,71,72,73,74,75,76,77,78]'),
(3, 'Borda Recheada', 0, 1, 1, '[80,79,81]');

-- --------------------------------------------------------

--
-- Estrutura para tabela `cidades`
--

CREATE TABLE `cidades` (
  `id` int(11) NOT NULL,
  `nome` varchar(200) NOT NULL,
  `ativo` tinyint(4) DEFAULT 1,
  `ordem` int(11) DEFAULT 0
) ENGINE=InnoDB DEFAULT CHARSET=utf8mb4 COLLATE=utf8mb4_general_ci;

--
-- Despejando dados para a tabela `cidades`
--

INSERT INTO `cidades` (`id`, `nome`, `ativo`, `ordem`) VALUES
(1, 'Cotia', 1, 0),
(2, 'Embu das Artes', 1, 0),
(3, 'Itapecirica', 1, 0);

-- --------------------------------------------------------

--
-- Estrutura para tabela `clientes`
--

CREATE TABLE `clientes` (
  `numero` varchar(100) NOT NULL,
  `id` bigint(20) DEFAULT NULL,
  `nome` varchar(300) DEFAULT NULL,
  `texto` varchar(500) DEFAULT NULL,
  `hora` varchar(10) DEFAULT NULL,
  `coluna` varchar(20) DEFAULT 'col-0',
  `naoLida` tinyint(4) DEFAULT 0,
  `foto` varchar(500) DEFAULT NULL,
  `tag` varchar(100) DEFAULT '',
  `notas` text DEFAULT NULL,
  `arquivado` tinyint(4) DEFAULT 0,
  `telefone` varchar(50) DEFAULT '',
  `endereco1` varchar(500) DEFAULT '',
  `endereco2` varchar(500) DEFAULT '',
  `bairro` varchar(100) DEFAULT '',
  `numero_casa` varchar(30) DEFAULT '',
  `conta_id` int(11) DEFAULT 1
) ENGINE=InnoDB DEFAULT CHARSET=utf8mb4 COLLATE=utf8mb4_general_ci;

--
-- Despejando dados para a tabela `clientes`
--

INSERT INTO `clientes` (`numero`, `id`, `nome`, `texto`, `hora`, `coluna`, `naoLida`, `foto`, `tag`, `notas`, `arquivado`, `telefone`, `endereco1`, `endereco2`, `bairro`, `numero_casa`, `conta_id`) VALUES
('553188870946@s.whatsapp.net', 1783213695590, 'Marlon', '🧾 Pedido Site #1', '22:08', 'col-0', 0, 'https://cdn-icons-png.flaticon.com/512/149/149071.png', '', NULL, 0, '553188870946@s.whatsapp.net', 'Teste', '', 'Chácara Aurora (Embu das Artes)', '123', 1);

-- --------------------------------------------------------

--
-- Estrutura para tabela `clientes_auth`
--

CREATE TABLE `clientes_auth` (
  `id` int(11) NOT NULL,
  `telefone` varchar(100) DEFAULT NULL,
  `senha_pin` varchar(100) DEFAULT NULL,
  `nome` varchar(200) DEFAULT NULL,
  `email` varchar(200) DEFAULT '',
  `pontos_fidelidade` int(11) DEFAULT 0,
  `saldo_cashback` double DEFAULT 0,
  `criado_em` varchar(50) DEFAULT '',
  `endereco` varchar(500) DEFAULT '',
  `numero_casa` varchar(50) DEFAULT '',
  `bairro` varchar(200) DEFAULT '',
  `ultimo_saudade_sent` varchar(50) DEFAULT NULL,
  `pontos_raspadinha` int(11) DEFAULT 0
) ENGINE=InnoDB DEFAULT CHARSET=utf8mb4 COLLATE=utf8mb4_general_ci;

--
-- Despejando dados para a tabela `clientes_auth`
--

INSERT INTO `clientes_auth` (`id`, `telefone`, `senha_pin`, `nome`, `email`, `pontos_fidelidade`, `saldo_cashback`, `criado_em`, `endereco`, `numero_casa`, `bairro`, `ultimo_saudade_sent`, `pontos_raspadinha`) VALUES
(1, '3188870946', '$2b$12$cJ4mwN.cCIw.grPItHPeGOwiiuQk.Wk9jpYA1imiuPRIteb1wPJZ2', 'Marlon ', '', 1, 0, '04/07/2026, 22:05:34', 'Teste', '123', 'Chácara Aurora (Embu das Artes)', NULL, 0);

-- --------------------------------------------------------

--
-- Estrutura para tabela `configuracoes`
--

CREATE TABLE `configuracoes` (
  `chave` varchar(100) NOT NULL,
  `valor` text DEFAULT NULL,
  `saudade_horas` int(11) DEFAULT 0,
  `saudade_minutos` int(11) DEFAULT 0
) ENGINE=InnoDB DEFAULT CHARSET=utf8mb4 COLLATE=utf8mb4_general_ci;

--
-- Despejando dados para a tabela `configuracoes`
--

INSERT INTO `configuracoes` (`chave`, `valor`, `saudade_horas`, `saudade_minutos`) VALUES
('admin_session_token', '3559efd4025e6e66aec44fd9330c57bfe93eb697246b6ab6b127c8bb727dd3bc', 0, 0),
('app_hora_abertura', '17:50', 0, 0),
('app_hora_fechamento', '22:40', 0, 0),
('app_logo_url', '/img_sistema/logo_app_1783052693451.png', 0, 0),
('cashback_ativo', 'true', 0, 0),
('cashback_percent', '5', 0, 0),
('chave_pix', '29850374000188', 0, 0),
('chave_pix_tipo', 'cnpj', 0, 0),
('conta2_habilitada', '0', 0, 0),
('diasTrabalho', '[0,3,4,5,6]', 0, 0),
('fidelidade_banner_desc', '', 0, 0),
('fidelidade_banner_titulo', '', 0, 0),
('instagram_url', '@pizzaurso', 0, 0),
('license_dev_pwd_hash', '$2b$10$EoPIBT3XqjdUYT./SvZ/b.6YdLTucHwGTIswjpp.rcoq1xmgqTfVu', 0, 0),
('license_expiry', '2026-08-02', 0, 0),
('license_pix_chave', '06588258607', 0, 0),
('license_pix_tipo', 'cpf', 0, 0),
('license_pix_valor', '98', 0, 0),
('logo_entregador', '/img_sistema/logo_entregador_1783052696329.png', 0, 0),
('logo_fidelidade_url', '/img_sistema/logo_fidelidade_1783116074255.png', 0, 0),
('og_image', '/img_sistema/og_image_1783052748860.png', 0, 0),
('popup_carrinho_ativo', 'false', 0, 0),
('popup_cupons_semana', '{\"seg\":\"QUEROJÁ\",\"ter\":\"\",\"qua\":\"SORTE10\",\"qui\":\"BRINDE\",\"sex\":\"EXTRA10\",\"sab\":\"#SORTE\",\"dom\":\"QUEROMAIS\"}', 0, 0),
('popup_seed_v1', 'done', 0, 0),
('popup_valor_minimo', '20', 0, 0),
('pwa_garcom_icon', '/img_sistema/pwa_garcom_1783052742977.png', 0, 0),
('pwa_garcom_name', 'GARÇOM', 0, 0),
('pwa_garcom_short_name', 'GARÇOM', 0, 0),
('pwa_main_icon', '/img_sistema/pwa_main_1783052723642.png', 0, 0),
('pwa_main_name', 'PIZZA URSO', 0, 0),
('pwa_main_short_name', 'PIZZA URSO', 0, 0),
('raspadinha_ativo', 'false', 0, 0),
('saudade_ativo', 'false', 0, 0),
('saudade_cupom_codigo', '', 0, 0),
('saudade_delay', '0', 0, 0),
('saudade_dias', '15', 0, 0),
('saudade_dias_semana', 'seg,ter,qua,qui,sex,sab,dom', 0, 0),
('saudade_horario', '18:30', 0, 0),
('saudade_horas', '0', 0, 0),
('saudade_mensagem', 'Oi [Nome]! Que tal matar a saudade? Use o cupom [Cupom] e ganhe 10% de desconto no seu pedido hoje! 🍔', 0, 0),
('saudade_minutos', '0', 0, 0),
('selos_ativo', 'true', 0, 0),
('selos_objetivo', '10', 0, 0),
('selos_recompensa', '20', 0, 0),
('selos_validade', '90', 0, 0),
('selos_valor_min', '30', 0, 0),
('senha_admin', '$2b$12$m97jyEXqSIQvtyhRzbz0b.yk1vXVspaeYebszD9y9nkUbLydF8NES', 0, 0),
('senha_garcom', '$2b$12$BY/LwO6ejPLMjVvOA/X8P.pSFWpkNMqD1VOfUiVAWfva/97soWoAC', 0, 0),
('taxa_voucher', '5', 0, 0),
('tema_copa', 'false', 0, 0),
('tema_junino', 'false', 0, 0),
('tema_namorados', 'false', 0, 0),
('whatsapp_url', '11963395429', 0, 0);

-- --------------------------------------------------------

--
-- Estrutura para tabela `cupons`
--

CREATE TABLE `cupons` (
  `id` int(11) NOT NULL,
  `codigo` varchar(50) DEFAULT NULL,
  `tipo` varchar(20) DEFAULT 'percent',
  `valor` double DEFAULT 0,
  `uso_minimo` double DEFAULT 0,
  `uso_limite` int(11) DEFAULT 0,
  `vezes_usado` int(11) DEFAULT 0,
  `ativo` tinyint(4) DEFAULT 1,
  `validade` varchar(50) DEFAULT '',
  `criado_em` datetime DEFAULT current_timestamp()
) ENGINE=InnoDB DEFAULT CHARSET=utf8mb4 COLLATE=utf8mb4_general_ci;

--
-- Despejando dados para a tabela `cupons`
--

INSERT INTO `cupons` (`id`, `codigo`, `tipo`, `valor`, `uso_minimo`, `uso_limite`, `vezes_usado`, `ativo`, `validade`, `criado_em`) VALUES
(1, 'VOLTEI10', 'percent', 10, 0, 0, 0, 1, '', '2026-07-03 01:22:18'),
(2, 'QUEROJÁ', 'fixo', 0, 0, 0, 0, 1, NULL, '2026-07-03 19:24:52'),
(3, 'SORTE10', 'fixo', 0, 0, 0, 0, 1, NULL, '2026-07-03 19:24:52'),
(4, 'BRINDE', 'fixo', 0, 0, 0, 0, 1, NULL, '2026-07-03 19:24:52'),
(5, 'EXTRA10', 'fixo', 0, 0, 0, 0, 1, NULL, '2026-07-03 19:24:52'),
(6, '#SORTE', 'fixo', 0, 0, 0, 0, 1, NULL, '2026-07-03 19:24:52'),
(7, 'QUEROMAIS', 'fixo', 0, 0, 0, 0, 1, NULL, '2026-07-03 19:24:52');

-- --------------------------------------------------------

--
-- Estrutura para tabela `entregadores`
--

CREATE TABLE `entregadores` (
  `id` int(11) NOT NULL,
  `nome` varchar(200) DEFAULT NULL,
  `telefone` varchar(50) DEFAULT '',
  `status` varchar(30) DEFAULT 'offline',
  `senha_hash` varchar(255) DEFAULT NULL,
  `taxa_bairros` longtext DEFAULT '[]',
  `criado_em` varchar(50) DEFAULT '',
  `diaria` double DEFAULT 70,
  `ultimo_fechamento` datetime DEFAULT NULL,
  `push_subscription` longtext DEFAULT NULL,
  `foto` varchar(500) DEFAULT NULL
) ENGINE=InnoDB DEFAULT CHARSET=utf8mb4 COLLATE=utf8mb4_general_ci;

-- --------------------------------------------------------

--
-- Estrutura para tabela `entregadores_fechamentos`
--

CREATE TABLE `entregadores_fechamentos` (
  `id` int(11) NOT NULL,
  `entregador_id` int(11) NOT NULL,
  `data` date NOT NULL,
  `diaria` double DEFAULT 0,
  `total_taxas` double DEFAULT 0,
  `total_extras` double DEFAULT 0,
  `total_descontos` double DEFAULT 0,
  `resultado_final` double DEFAULT 0,
  `num_entregas` int(11) DEFAULT 0,
  `pedidos_ids` text DEFAULT NULL,
  `vales_ids` text DEFAULT NULL,
  `criado_em` varchar(50) DEFAULT ''
) ENGINE=InnoDB DEFAULT CHARSET=utf8mb4 COLLATE=utf8mb4_general_ci;

-- --------------------------------------------------------

--
-- Estrutura para tabela `entregadores_loc`
--

CREATE TABLE `entregadores_loc` (
  `entregador_id` int(11) NOT NULL,
  `latitude` decimal(10,8) DEFAULT NULL,
  `longitude` decimal(11,8) DEFAULT NULL,
  `updated_at` varchar(50) DEFAULT ''
) ENGINE=InnoDB DEFAULT CHARSET=utf8mb4 COLLATE=utf8mb4_general_ci;

-- --------------------------------------------------------

--
-- Estrutura para tabela `entregadores_vales`
--

CREATE TABLE `entregadores_vales` (
  `id` int(11) NOT NULL,
  `entregador_id` int(11) NOT NULL,
  `data` date NOT NULL,
  `descricao` varchar(200) NOT NULL,
  `valor` double NOT NULL,
  `criado_em` varchar(50) DEFAULT ''
) ENGINE=InnoDB DEFAULT CHARSET=utf8mb4 COLLATE=utf8mb4_general_ci;

-- --------------------------------------------------------

--
-- Estrutura para tabela `estado_fluxo`
--

CREATE TABLE `estado_fluxo` (
  `numero` varchar(100) NOT NULL,
  `fluxo_id` int(11) DEFAULT NULL,
  `passo_atual` int(11) DEFAULT 0,
  `dados` varchar(2000) DEFAULT '{}'
) ENGINE=InnoDB DEFAULT CHARSET=utf8mb4 COLLATE=utf8mb4_general_ci;

-- --------------------------------------------------------

--
-- Estrutura para tabela `fluxos`
--

CREATE TABLE `fluxos` (
  `id` int(11) NOT NULL,
  `nome` varchar(200) DEFAULT NULL,
  `ativo` tinyint(4) DEFAULT 1,
  `gatilho` varchar(500) DEFAULT NULL,
  `passos` longtext DEFAULT NULL
) ENGINE=InnoDB DEFAULT CHARSET=utf8mb4 COLLATE=utf8mb4_general_ci;

-- --------------------------------------------------------

--
-- Estrutura para tabela `formas_pagamento`
--

CREATE TABLE `formas_pagamento` (
  `id` int(11) NOT NULL,
  `nome` varchar(200) DEFAULT NULL,
  `icone` varchar(100) DEFAULT 'fas fa-money-bill',
  `ativo` tinyint(4) DEFAULT 1,
  `ordem` int(11) DEFAULT 0,
  `taxa_percentual` double DEFAULT 0
) ENGINE=InnoDB DEFAULT CHARSET=utf8mb4 COLLATE=utf8mb4_general_ci;

--
-- Despejando dados para a tabela `formas_pagamento`
--

INSERT INTO `formas_pagamento` (`id`, `nome`, `icone`, `ativo`, `ordem`, `taxa_percentual`) VALUES
(1, 'Dinheiro', 'fas fa-money-bill-wave', 1, 0, 0),
(2, 'PIX', 'fas fa-qrcode', 1, 1, 0),
(3, 'Cartão Débito', 'fas fa-credit-card', 1, 2, 0),
(4, 'Cartão Crédito', 'fas fa-credit-card', 1, 3, 0),
(6, 'Voucher', 'fas fa-ticket-alt', 1, 4, 5);

-- --------------------------------------------------------

--
-- Estrutura para tabela `garcons`
--

CREATE TABLE `garcons` (
  `id` int(11) NOT NULL,
  `nome` varchar(200) NOT NULL,
  `login` varchar(100) NOT NULL,
  `senha_hash` varchar(255) NOT NULL,
  `ativo` tinyint(4) DEFAULT 1,
  `porcentagem` double DEFAULT 0,
  `criado_em` varchar(50) DEFAULT ''
) ENGINE=InnoDB DEFAULT CHARSET=utf8mb4 COLLATE=utf8mb4_general_ci;

-- --------------------------------------------------------

--
-- Estrutura para tabela `garcons_fechamentos`
--

CREATE TABLE `garcons_fechamentos` (
  `id` int(11) NOT NULL,
  `garcon_id` int(11) NOT NULL,
  `data_fechamento` varchar(20) NOT NULL,
  `qtd_pedidos` int(11) DEFAULT 0,
  `total_vendas` double DEFAULT 0,
  `total_comissao` double DEFAULT 0,
  `porcentagem` double DEFAULT 0,
  `observacao` varchar(500) DEFAULT '',
  `criado_em` varchar(50) DEFAULT ''
) ENGINE=InnoDB DEFAULT CHARSET=utf8mb4 COLLATE=utf8mb4_general_ci;

-- --------------------------------------------------------

--
-- Estrutura para tabela `garcons_vendas`
--

CREATE TABLE `garcons_vendas` (
  `id` int(11) NOT NULL,
  `garcon_id` int(11) NOT NULL,
  `pedido_id` int(11) NOT NULL,
  `total_pedido` double DEFAULT 0,
  `valor_porcentagem` double DEFAULT 0,
  `data_venda` varchar(20) DEFAULT '',
  `hora_venda` varchar(10) DEFAULT '',
  `criado_em` datetime DEFAULT current_timestamp(),
  `fechamento_id` int(11) DEFAULT NULL
) ENGINE=InnoDB DEFAULT CHARSET=utf8mb4 COLLATE=utf8mb4_general_ci;

-- --------------------------------------------------------

--
-- Estrutura para tabela `historico`
--

CREATE TABLE `historico` (
  `id` int(11) NOT NULL,
  `numero` varchar(100) DEFAULT NULL,
  `msg_id` varchar(100) DEFAULT NULL,
  `texto` text DEFAULT NULL,
  `origem` varchar(20) DEFAULT NULL,
  `hora` varchar(10) DEFAULT NULL,
  `citacao` text DEFAULT NULL,
  `imagemUrl` varchar(500) DEFAULT NULL,
  `audioUrl` varchar(500) DEFAULT NULL,
  `videoUrl` varchar(500) DEFAULT NULL,
  `documentUrl` varchar(500) DEFAULT NULL,
  `stickerUrl` varchar(500) DEFAULT '',
  `status` varchar(20) DEFAULT 'enviado',
  `data_envio` varchar(50) DEFAULT '',
  `conta_id` int(11) DEFAULT 1,
  `poll_options` text DEFAULT NULL
) ENGINE=InnoDB DEFAULT CHARSET=utf8mb4 COLLATE=utf8mb4_general_ci;

-- --------------------------------------------------------

--
-- Estrutura para tabela `historico_fidelidade`
--

CREATE TABLE `historico_fidelidade` (
  `id` int(11) NOT NULL,
  `cliente_auth_id` int(11) DEFAULT NULL,
  `tipo` varchar(50) DEFAULT NULL,
  `valor` double DEFAULT NULL,
  `descricao` varchar(255) DEFAULT NULL,
  `criado_em` varchar(50) DEFAULT NULL
) ENGINE=InnoDB DEFAULT CHARSET=utf8mb4 COLLATE=utf8mb4_general_ci;

--
-- Despejando dados para a tabela `historico_fidelidade`
--

INSERT INTO `historico_fidelidade` (`id`, `cliente_auth_id`, `tipo`, `valor`, `descricao`, `criado_em`) VALUES
(1, 1, 'selo', 1, 'Selo do pedido #1', '04/07/2026, 22:10:23');

-- --------------------------------------------------------

--
-- Estrutura para tabela `livro_caixa`
--

CREATE TABLE `livro_caixa` (
  `id` int(11) NOT NULL,
  `descricao` varchar(500) NOT NULL,
  `valor` double NOT NULL,
  `data_registro` date NOT NULL,
  `criado_em` datetime DEFAULT current_timestamp()
) ENGINE=InnoDB DEFAULT CHARSET=utf8mb4 COLLATE=utf8mb4_general_ci;

-- --------------------------------------------------------

--
-- Estrutura para tabela `livro_caixa_alarmes`
--

CREATE TABLE `livro_caixa_alarmes` (
  `id` int(11) NOT NULL,
  `mensagem` varchar(500) NOT NULL,
  `valor` double DEFAULT 0,
  `agendado_para` datetime NOT NULL,
  `visto` tinyint(4) DEFAULT 0,
  `criado_em` datetime DEFAULT current_timestamp()
) ENGINE=InnoDB DEFAULT CHARSET=utf8mb4 COLLATE=utf8mb4_general_ci;

-- --------------------------------------------------------

--
-- Estrutura para tabela `memoria_tags`
--

CREATE TABLE `memoria_tags` (
  `numero` varchar(100) NOT NULL,
  `tag` varchar(100) DEFAULT NULL
) ENGINE=InnoDB DEFAULT CHARSET=utf8mb4 COLLATE=utf8mb4_general_ci;

-- --------------------------------------------------------

--
-- Estrutura para tabela `mesas`
--

CREATE TABLE `mesas` (
  `id` int(11) NOT NULL,
  `numero` int(11) DEFAULT NULL,
  `nome` varchar(100) DEFAULT '',
  `ativo` tinyint(4) DEFAULT 1,
  `status` varchar(20) DEFAULT 'livre',
  `cliente_nome` varchar(200) DEFAULT '',
  `carrinho` longtext DEFAULT NULL,
  `observacoes` varchar(1000) DEFAULT '',
  `aberta_em` varchar(50) DEFAULT '',
  `garcon_id` int(11) DEFAULT NULL,
  `garcon_nome` varchar(200) DEFAULT NULL
) ENGINE=InnoDB DEFAULT CHARSET=utf8mb4 COLLATE=utf8mb4_general_ci;

-- --------------------------------------------------------

--
-- Estrutura para tabela `pedidos_pdv`
--

CREATE TABLE `pedidos_pdv` (
  `id` int(11) NOT NULL,
  `numero_pedido` int(11) DEFAULT NULL,
  `cliente_numero` varchar(100) DEFAULT '',
  `cliente_nome` varchar(200) DEFAULT '',
  `cliente_tel` varchar(50) DEFAULT '',
  `endereco` varchar(500) DEFAULT '',
  `cliente_numero_casa` varchar(30) DEFAULT '',
  `bairro` varchar(100) DEFAULT '',
  `taxa_entrega` double DEFAULT 0,
  `itens` longtext DEFAULT NULL,
  `subtotal` double DEFAULT 0,
  `total` double DEFAULT 0,
  `pagamento` varchar(100) DEFAULT '',
  `vouchers` varchar(2000) DEFAULT '[]',
  `observacoes` varchar(1000) DEFAULT '',
  `status` varchar(30) DEFAULT 'aberto',
  `data` varchar(20) DEFAULT NULL,
  `hora` varchar(10) DEFAULT NULL,
  `enviado_zap` tinyint(4) DEFAULT 0,
  `tipo_entrega` varchar(30) DEFAULT 'entrega',
  `troco` double DEFAULT 0,
  `mesa_id` int(11) DEFAULT NULL,
  `editado` tinyint(4) DEFAULT 0,
  `conta_id` int(11) DEFAULT 1,
  `cliente_auth_id` int(11) DEFAULT NULL,
  `acrescimoVoucher` double DEFAULT 0,
  `saldo_usado` double DEFAULT 0,
  `cupom_codigo` varchar(50) DEFAULT NULL,
  `cupom_desconto` double DEFAULT 0,
  `entregador_id` int(11) DEFAULT NULL,
  `status_entrega` varchar(30) DEFAULT 'pendente',
  `pix_status` varchar(20) DEFAULT NULL,
  `taxa_entregador` double DEFAULT 0,
  `entregue_em` varchar(50) DEFAULT NULL,
  `pix_txid` varchar(100) DEFAULT NULL,
  `avaliacao_nota` tinyint(4) DEFAULT NULL,
  `avaliacao_cliente_auth_id` int(11) DEFAULT NULL,
  `avaliacao_em` varchar(50) DEFAULT NULL,
  `garcon_id` int(11) DEFAULT NULL,
  `garcon_nome` varchar(200) DEFAULT NULL,
  `garcon_porcentagem` double DEFAULT 0,
  `taxa_garcom` double DEFAULT 0
) ENGINE=InnoDB DEFAULT CHARSET=utf8mb4 COLLATE=utf8mb4_general_ci;

--
-- Despejando dados para a tabela `pedidos_pdv`
--

INSERT INTO `pedidos_pdv` (`id`, `numero_pedido`, `cliente_numero`, `cliente_nome`, `cliente_tel`, `endereco`, `cliente_numero_casa`, `bairro`, `taxa_entrega`, `itens`, `subtotal`, `total`, `pagamento`, `vouchers`, `observacoes`, `status`, `data`, `hora`, `enviado_zap`, `tipo_entrega`, `troco`, `mesa_id`, `editado`, `conta_id`, `cliente_auth_id`, `acrescimoVoucher`, `saldo_usado`, `cupom_codigo`, `cupom_desconto`, `entregador_id`, `status_entrega`, `pix_status`, `taxa_entregador`, `entregue_em`, `pix_txid`, `avaliacao_nota`, `avaliacao_cliente_auth_id`, `avaliacao_em`, `garcon_id`, `garcon_nome`, `garcon_porcentagem`, `taxa_garcom`) VALUES
(1, 1, '553188870946@s.whatsapp.net', 'Marlon', '3188870946', 'Teste', '123', 'Chácara Aurora (Embu das Artes)', 4.05, '[{\"produto_id\":64,\"nome\":\"PIZZA GRANDE 2 SABORES 35CM\",\"categoria_nome\":\"Dois Sabores\",\"variacao\":\"\",\"preco\":51,\"qty\":1,\"adicionais\":[{\"id\":16,\"nome\":\"01# Pizza Calabresa >>Calabresa, cebola, azeitona e orégano\",\"preco\":24},{\"id\":17,\"nome\":\"02# Pizza Muçarela >>Ingredientes da Pizza Urso: Muçarela, tomate, azeitona e orégano\",\"preco\":24},{\"id\":1,\"nome\":\"ÁGUA SEM GÁS 510ML\",\"preco\":3}],\"observacao\":\"\",\"tem_cashback\":0}]', 51, 55.05, 'PIX', '[]', 'Via Cardápio Digital VIP\n\n⚠️ ATENÇÃO: PEDIDO DO APP ENTROU COM CAIXA FECHADO! ABRA O CAIXA PARA CONTABILIZAR.', 'concluido', '04/07/2026', '22:08', 0, 'entrega', 0, NULL, 0, 1, 1, 0, 0, NULL, 0, NULL, 'pendente', NULL, 0, NULL, NULL, NULL, NULL, NULL, NULL, NULL, 0, 0);

-- --------------------------------------------------------

--
-- Estrutura para tabela `produtos`
--

CREATE TABLE `produtos` (
  `id` int(11) NOT NULL,
  `categoria_id` int(11) DEFAULT NULL,
  `categoria_adicional_id` int(11) DEFAULT NULL,
  `nome` varchar(300) DEFAULT NULL,
  `ativo` tinyint(4) DEFAULT 1,
  `variacoes` longtext DEFAULT NULL,
  `adicionais_ids` varchar(2000) DEFAULT '[]',
  `preco` double DEFAULT 0,
  `preco_promocional` double DEFAULT 0,
  `imagem` varchar(500) DEFAULT '',
  `descricao` varchar(1000) DEFAULT '',
  `mostrar_app` tinyint(4) DEFAULT 1,
  `tem_cashback` tinyint(4) DEFAULT 0,
  `is_promo` tinyint(4) DEFAULT 0,
  `is_upsell` tinyint(4) DEFAULT 0,
  `ordem` int(11) DEFAULT 0
) ENGINE=InnoDB DEFAULT CHARSET=utf8mb4 COLLATE=utf8mb4_general_ci;

--
-- Despejando dados para a tabela `produtos`
--

INSERT INTO `produtos` (`id`, `categoria_id`, `categoria_adicional_id`, `nome`, `ativo`, `variacoes`, `adicionais_ids`, `preco`, `preco_promocional`, `imagem`, `descricao`, `mostrar_app`, `tem_cashback`, `is_promo`, `is_upsell`, `ordem`) VALUES
(1, 6, NULL, 'PIZZA DE CALABRESA', 1, '[]', '[]', 39, 0, '/uploads/prod_1783117208483.jpg', 'Calabresa, cebola, azeitonas,orégano', 1, 0, 0, 0, 0),
(2, 5, NULL, 'Bebidas', 1, '[]', '[1]', 0, 0, '/uploads/prod_1783118362392.png', '', 1, 0, 0, 0, 0),
(3, 2, NULL, '01# PIZZA CALABRESA', 1, '[{\"nome\":\"BROTINHO 25cm\",\"preco\":35},{\"nome\":\"GRANDE 35cm\",\"preco\":48}]', '[3,1]', 0, 0, '/uploads/prod_1783119716238.jpg', 'Calabresa, cebola, azeitona e orégano.', 1, 0, 0, 1, 0),
(4, 2, NULL, '02# PIZZA MUÇARELA', 1, '[{\"nome\":\"BROTINHO 25cm\",\"preco\":35},{\"nome\":\"GRANDE 35cm\",\"preco\":48}]', '[3,1]', 0, 0, '/uploads/prod_1783119815101.jpg', 'Ingredientes da Pizza Urso: Muçarela, tomate, azeitona e orégano.', 1, 0, 0, 0, 0),
(5, 2, NULL, '03# MEIA CALABRESA MEIA MUÇARELA', 1, '[{\"nome\":\"GRANDE 35cm\",\"preco\":48}]', '[3,1]', 0, 0, '/uploads/prod_1783120095747.jpg', 'Metade Calabresa, metade muçarela, cebola, azeitona e orégano.', 1, 0, 0, 0, 0),
(6, 2, NULL, '04# PIZZA CALAMUÇA', 1, '[{\"nome\":\"BROTINHO 25cm\",\"preco\":3960},{\"nome\":\"GRANDE 35cm\",\"preco\":55}]', '[3,1]', 0, 0, '/uploads/prod_1783120393371.jpg', 'Calabresa, muçarela, azeitona e orégano.', 1, 0, 0, 0, 0),
(7, 2, NULL, '05# PIZZA TOSCANA', 1, '[{\"nome\":\"BROTINHO 25cm\",\"preco\":40.6},{\"nome\":\"GRANDE 35cm\",\"preco\":58}]', '[3,1]', 0, 0, '/uploads/prod_1783120475548.jpg', 'Calabresa, muçarela, cebola, azeitona e orégano.', 1, 0, 0, 0, 0),
(8, 2, NULL, '06# PIZZA BACON', 1, '[{\"nome\":\"BROTINHO 25cm\",\"preco\":39.6},{\"nome\":\"GRANDE 35cm\",\"preco\":54}]', '[3,1]', 0, 0, '/uploads/prod_1783120582973.jpg', 'Muçarela, bacon, azeitonas e orégano.', 1, 0, 0, 0, 0),
(9, 2, NULL, '07# PIZZA MARGUERITA', 1, '[{\"nome\":\"BROTINHO 25cm\",\"preco\":46},{\"nome\":\"GRANDE 35cm\",\"preco\":60}]', '[3,1]', 0, 0, '/uploads/prod_1783122212927.jpg', 'Muçarela, tomate, parmesão, manjericão, azeitona e orégano.', 1, 0, 0, 0, 0),
(10, 2, NULL, '08# PIZZA BAURU', 1, '[{\"nome\":\"BROTINHO 25cm\",\"preco\":32},{\"nome\":\"GRANDE 35cm\",\"preco\":55}]', '[3,1]', 0, 0, '/uploads/prod_1783122704036.jpg', 'Muçarela, presunto, tomate, azeitona e orégano', 1, 0, 0, 0, 0),
(11, 2, NULL, '09# PIZZA PEPPERONI', 1, '[{\"nome\":\"BROTINHO 25cm\",\"preco\":48},{\"nome\":\"GRANDE 35cm\",\"preco\":65}]', '[3,1]', 0, 0, '/uploads/prod_1783122765154.jpg', 'Muçarela, pepperoni e orégano.', 1, 0, 0, 0, 0),
(12, 2, NULL, '10# PIZZA FRANGO COM CATUPIRY', 1, '[{\"nome\":\"BROTINHO 25cm\",\"preco\":47},{\"nome\":\"GRANDE 35cm\",\"preco\":64}]', '[3,1]', 0, 0, '/uploads/prod_1783122923762.jpg', 'Frango, Catupiry Original, azeitonas e orégano.', 1, 0, 0, 0, 0),
(13, 2, NULL, '11# MILHO E BACON', 1, '[{\"nome\":\"BROTINHO 25cm\",\"preco\":42},{\"nome\":\"GRANDE 35cm\",\"preco\":58}]', '[3,1]', 0, 0, '/uploads/prod_1783123268407.jpg', 'Muçarela milho, bacon, azeitonas e orégano.', 1, 0, 0, 0, 0),
(14, 2, NULL, '12# PIZZA FRANGO COM QUEIJO', 1, '[{\"nome\":\"BROTINHO 25cm\",\"preco\":3960},{\"nome\":\"GRANDE 35cm\",\"preco\":59}]', '[3,1]', 0, 0, '/uploads/prod_1783123482074.jpg', 'Frango, queijo, azeitonas e orégano.', 1, 0, 0, 0, 0),
(15, 2, NULL, '13# PIZZA FRANGO COM CHEDDAR', 1, '[{\"nome\":\"BROTINHO 25cm\",\"preco\":48},{\"nome\":\"GRANDE 35cm\",\"preco\":65}]', '[3,1]', 0, 0, '/uploads/prod_1783123725587.jpg', 'Frango, cheddar, azeitonas e orégano.', 1, 0, 0, 0, 0),
(16, 2, NULL, '14# PIZZA BARONESA', 1, '[{\"nome\":\"BROTINHO 25cm\",\"preco\":39},{\"nome\":\"GRANDE 35cm\",\"preco\":80}]', '[3,1]', 0, 0, '/uploads/prod_1783123819499.jpeg', 'Frango, Muçarela, Requeijão, azeitonas e orégano.', 1, 0, 0, 0, 0),
(17, 2, NULL, '15# PIZZA BARONESA COM CATUPIRY', 1, '[{\"nome\":\"BROTINHO 25cm\",\"preco\":42},{\"nome\":\"GRANDE 35cm\",\"preco\":87}]', '[3,1]', 0, 0, '/uploads/prod_1783124045691.jpeg', 'Frango, Muçarela, Catupiry, azeitonas e orégano.', 1, 0, 0, 0, 0),
(18, 2, NULL, '16# FRANGO, REQUEIJÃO E BACON', 1, '[{\"nome\":\"BROTINHO 25cm\",\"preco\":40},{\"nome\":\"GRANDE 35cm\",\"preco\":69}]', '[3,1]', 0, 0, '/uploads/prod_1783124159608.jpeg', 'Frango, requeijão, bacon,, azeitona e orégano.', 1, 0, 0, 0, 0),
(19, 2, NULL, '17# FRANGO, CATUPIRY E BACON', 1, '[{\"nome\":\"BROTINHO 25cm\",\"preco\":43},{\"nome\":\"GRANDE 25cm\",\"preco\":75}]', '[3,1]', 0, 0, '/uploads/prod_1783124198048.jpeg', 'Frango, bacon, Catupiry Original, azeitona e orégano.', 1, 0, 0, 0, 0),
(20, 2, NULL, '18# PIZZA CAIPIRA', 1, '[{\"nome\":\"BROTINHO 25cm\",\"preco\":44},{\"nome\":\"GRANDE 35cm\",\"preco\":65}]', '[3,1]', 0, 0, '/uploads/prod_1783124889188.jpeg', 'Frango, Requeijão, ovo, milho, azeitona verde e orégano.', 1, 0, 0, 0, 0),
(21, 2, NULL, '19# CAIPIRA COM CATUPIRY', 1, '[{\"nome\":\"BROTINHO 25cm\",\"preco\":50},{\"nome\":\"GRANDE 35cm\",\"preco\":70}]', '[3,1]', 0, 0, '/uploads/prod_1783125019941.jpeg', 'Frango, Catupiry, ovo, milho, azeitona verde e orégano.', 1, 0, 0, 0, 0),
(22, 2, NULL, '20# CALABRESA COM REQUEIJÃO', 1, '[{\"nome\":\"BROTINHO 25cm\",\"preco\":38},{\"nome\":\"GRANDE 35cm\",\"preco\":57}]', '[3,1]', 0, 0, '/uploads/prod_1783125868592.jpg', 'Calabresa com requeijão, azeitona e orégano.', 1, 0, 0, 0, 0),
(23, 2, NULL, '21# CALABRESA COM CATUPIRY', 1, '[{\"nome\":\"BROTINHO 25cm\",\"preco\":44},{\"nome\":\"GRANDE 35cm\",\"preco\":63}]', '[3,1]', 0, 0, '/uploads/prod_1783126066083.jpg', 'Calabresa com Catupiry Original, azeitona e orégano', 1, 0, 0, 0, 0),
(24, 2, NULL, '22# TOSCANA COM REQUEIJÃO', 1, '[{\"nome\":\"BROTINHO 25cm\",\"preco\":50},{\"nome\":\"GRANDE 35cm\",\"preco\":74}]', '[3,1]', 0, 0, '/uploads/prod_1783126121881.jpg', 'Calabresa, muçarela, Requeijão, cebola, azeitona e orégano.', 1, 0, 0, 0, 0),
(25, 2, NULL, '24# CALABRESA CHIQUE', 1, '[{\"nome\":\"BROTINHO 25cm\",\"preco\":54},{\"nome\":\"GRANDE 35cm\",\"preco\":77}]', '[3,1]', 0, 0, '/uploads/prod_1783126304619.jpg', 'Muçarela, calabresa, bacon, Requeijão, orégano e azeitona verde.', 1, 0, 0, 0, 0),
(26, 2, NULL, '23# TOSCANA COM CATUPIRY', 1, '[{\"nome\":\"BROTINHO 25cm\",\"preco\":54},{\"nome\":\"GRANDE 35cm\",\"preco\":82}]', '[3,1]', 0, 0, '/uploads/prod_1783126376096.jpg', 'Calabresa, muçarela, Catupiry, cebola, azeitona e orégano.', 1, 0, 0, 0, 0),
(27, 2, NULL, '25# CALABRESA CHIQUE CATUPIRY', 1, '[{\"nome\":\"BROTINHO 25cm: \",\"preco\":57},{\"nome\":\"GRANDE 35cm:\",\"preco\":86}]', '[3,1]', 0, 0, '/uploads/prod_1783127766469.jpg', 'Muçarela, calabresa, bacon, Catupiry, orégano e azeitona verde.', 1, 0, 0, 0, 0),
(28, 2, NULL, '26# DOIS QUEIJOS', 1, '[{\"nome\":\"BROTINHO 25cm\",\"preco\":40},{\"nome\":\"GRANDE 35cm\",\"preco\":61}]', '[3,1]', 0, 0, '/uploads/prod_1783127931522.jpg', 'Muçarela, Requeijão, azeitona e orégano', 1, 0, 0, 0, 0),
(29, 2, NULL, '27# DOIS QUEIJOS COM CATUPIRY', 1, '[{\"nome\":\"BROTINHO 25cm\",\"preco\":45},{\"nome\":\"GRANDE 35cm\",\"preco\":68}]', '[3,1]', 0, 0, '/uploads/prod_1783128054001.jpg', 'Muçarela, Catupiry Original, azeitona e orégano.', 1, 0, 0, 0, 0),
(30, 2, NULL, '29# TRÊS QUEIJOS COM CATUPIRY', 1, '[{\"nome\":\"BROTINHO 25cm\",\"preco\":47},{\"nome\":\"GRANDE 35cm\",\"preco\":79}]', '[3,1]', 0, 0, '/uploads/prod_1783128324458.jpg', 'Muçarela, parmesão, Catupiry Original, azeitona e orégano', 1, 0, 0, 0, 0),
(31, 2, NULL, '28# TRÊS QUEIJOS', 1, '[{\"nome\":\"BROTINHO 25cm\",\"preco\":45},{\"nome\":\"GRANDE 35cm\",\"preco\":72}]', '[3,1]', 0, 0, '/uploads/prod_1783128430753.jpg', '\n 28# TRÊS QUEIJOS\n\nMuçarela, parmesão, Requeijão, azeitona e orégano.', 1, 0, 0, 0, 0),
(32, 2, NULL, '30# PIZZA QUATRO QUEIJOS', 1, '[{\"nome\":\"BROTINHO 25cm\",\"preco\":50},{\"nome\":\"GRANDE 35cm\",\"preco\":83}]', '[3,1]', 0, 0, '/uploads/prod_1783128566641.jpg', 'Muçarela, parmesão, provolone, Requeijão, azeitona verde e orégano.', 1, 0, 0, 0, 0),
(33, 2, NULL, '31# PIZZA 4 QUEIJO COM CATUPIRY', 1, '[{\"nome\":\"BROTINHO 25cm\",\"preco\":58},{\"nome\":\"GRANDE 35cm\",\"preco\":90}]', '[3,1]', 0, 0, '/uploads/prod_1783128691049.jpg', 'Provolone, Muçarela , Parmesão, Catupiry, Azeitonas e Orégano.', 1, 0, 0, 0, 0),
(34, 2, NULL, '32# PIZZA BAIANA', 1, '[{\"nome\":\"BROTINHO 25cm\",\"preco\":42},{\"nome\":\"GRANDE 35cm\",\"preco\":60}]', '[3,1]', 0, 0, '/uploads/prod_1783129301187.jpg', 'Calabresa, muçarela, ovo, cebola, pimenta de biquinho, pimenta calabresa, molho de pimenta azeitonas e orégano.', 1, 0, 0, 0, 0),
(35, 2, NULL, '33# ALEMÃ', 1, '[{\"nome\":\"BROTINHO 25cm\",\"preco\":42},{\"nome\":\"GRANDE 35cm\",\"preco\":42}]', '[3,1]', 0, 0, '/uploads/prod_1783129408314.jpg', 'Bacon, cebola, muçarela, parmesão, azeitonas e orégano.', 1, 0, 0, 0, 0),
(36, 2, NULL, '34# AMERICANA', 1, '[{\"nome\":\"BROTINHO 25cm\",\"preco\":38},{\"nome\":\"GRANDE 35cm\",\"preco\":65}]', '[3,1]', 0, 0, '/uploads/prod_1783129458659.jpg', 'Presunto, bacon, ovos, muçarela, azeitonas e orégano.', 1, 0, 0, 0, 0),
(37, 2, NULL, '35# PIZZA PORTUGUESA 1', 1, '[{\"nome\":\"BROTINHO 25cm\",\"preco\":42},{\"nome\":\"GRANDE 35cm\",\"preco\":61}]', '[3,1]', 0, 0, '/uploads/prod_1783129684573.jpg', 'Muçarela, presunto, ovos, cebola, azeitona e orégano.', 1, 0, 0, 0, 0),
(38, 2, NULL, '36# PIZZA PORTUGUESA 2', 1, '[{\"nome\":\"BROTINHO 25cm\",\"preco\":56},{\"nome\":\"GRANDE 35cm\",\"preco\":70}]', '[3,1]', 0, 0, '/uploads/prod_1783129852583.jpg', 'Muçarela, presunto, ovos, ervilha, milho, palmito, cebola, azeitona e orégano.', 1, 0, 0, 0, 0),
(39, 2, NULL, '37# MILHO', 1, '[{\"nome\":\"BROTINHO 25cm\",\"preco\":40},{\"nome\":\"GRANDE 35cm\",\"preco\":50}]', '[3,1]', 0, 0, '/uploads/prod_1783130184940.jpg', 'Muçarela, milho, tomate, azeitonas e orégano.', 1, 0, 0, 0, 0),
(40, 2, NULL, '38# PALMITO', 1, '[{\"nome\":\"BROTINHO 25cm\",\"preco\":39},{\"nome\":\"GRANDE 35cm\",\"preco\":55}]', '[3,1]', 0, 0, '/uploads/prod_1783130294662.jpg', 'Muçarela, palmito, tomate, azeitona e orégano.', 1, 0, 0, 0, 0),
(41, 2, NULL, '40# CATUPIRY', 1, '[{\"nome\":\"BROTINHO 25cm\",\"preco\":3860},{\"nome\":\"GRANDE 35cm\",\"preco\":58}]', '[3,1]', 0, 0, '/uploads/prod_1783130373307.jpg', 'Catupiry Original, milho, azeitona e orégano.', 1, 0, 0, 0, 0),
(42, 2, NULL, '39# CATUPIRY ORIGINAL', 1, '[{\"nome\":\"BROTINHO 25cm\",\"preco\":37},{\"nome\":\"GRANDE 35cm\",\"preco\":55}]', '[3,1]', 0, 0, '/uploads/prod_1783130462203.jpg', 'Catupiry Original, azeitona e orégano.', 1, 0, 0, 0, 0),
(43, 2, NULL, '41# CATUPIRY E PALMITO', 1, '[{\"nome\":\"BROTINHO 25cm\",\"preco\":40},{\"nome\":\"GRANDE 35cm\",\"preco\":62}]', '[3,1]', 0, 0, '/uploads/prod_1783130527047.jpg', 'Catupiry Original, palmito, azeitona e orégano.', 1, 0, 0, 0, 0),
(44, 2, NULL, '42# BRÓCOLIS 1', 1, '[{\"nome\":\"BROTINHO 25cm\",\"preco\":34},{\"nome\":\"GRANDE 35cm\",\"preco\":55}]', '[3,1]', 0, 0, '/uploads/prod_1783130784193.jpg', 'Muçarela, brócolis, azeitonas e orégano.', 1, 0, 0, 0, 0),
(45, 2, NULL, '43# BRÓCOLIS 2', 1, '[{\"nome\":\"BROTINHO 25cm\",\"preco\":47},{\"nome\":\"GRANDE 35cm\",\"preco\":63}]', '[3,1]', 0, 0, '/uploads/prod_1783130965716.jpg', 'Bacon, muçarela, brócolis, alho frito, azeitonas e orégano.', 1, 0, 0, 0, 0),
(46, 2, NULL, '44# REQUEIJÃO COM BRÓCOLIS', 1, '[{\"nome\":\"BROTINHO 25cm\",\"preco\":40},{\"nome\":\"GRANDE 35cm\",\"preco\":57}]', '[3,1]', 0, 0, '/uploads/prod_1783131062518.jpg', 'Requeijão com Brócolis, alho frito, azeitonas e orégano.', 1, 0, 0, 0, 0),
(47, 2, NULL, '45# CATUPIRY COM BRÓCOLIS', 1, '[{\"nome\":\"BROTINHO 25cm\",\"preco\":44},{\"nome\":\"GRANDE 35cm\",\"preco\":64}]', '[3,1]', 0, 0, '/uploads/prod_1783131144966.jpg', 'Catupiry com Brócolis, alho frito, azeitonas e orégano.', 1, 0, 0, 0, 0),
(48, 2, NULL, '46# PIZZA VEGETARIANA', 1, '[{\"nome\":\"BROTINHO 25cm\",\"preco\":42},{\"nome\":\"GRANDE 35cm\",\"preco\":58}]', '[3,1]', 0, 0, '/uploads/prod_1783131236869.jpg', 'Ervilha, palmito, cebola, muçarela, tomate, azeitona e orégano.', 1, 0, 0, 0, 0),
(49, 2, NULL, '47# PIZZA ABOBRINHA', 1, '[{\"nome\":\"BROTINHO 25cm\",\"preco\":39},{\"nome\":\"GRANDE 35cm\",\"preco\":53}]', '[3,1]', 0, 0, '/uploads/prod_1783132009746.jpg', 'Abobrinha, muçarela, tomate seco, alho frito, azeitona e orégano.', 1, 0, 0, 0, 0),
(50, 2, NULL, '48# ESCAROLA E MUÇARELA', 1, '[{\"nome\":\"BROTINHO 25cm\",\"preco\":39},{\"nome\":\"GRANDE 35cm\",\"preco\":53}]', '[3,1]', 0, 0, '/uploads/prod_1783132352868.jpg', 'Muçarela, escarola, azeitonas e orégano.', 1, 0, 0, 0, 0),
(51, 2, NULL, '49# ESCAROLA, MUÇARELA', 1, '[{\"nome\":\"BROTINHO 25cm\",\"preco\":38},{\"nome\":\"GRANDE 35cm\",\"preco\":61}]', '[3,1]', 0, 0, '/uploads/prod_1783132419303.jpg', 'Escarola, muçarela, bacon, alho, azeitonas e orégano.', 1, 0, 0, 0, 0),
(52, 2, NULL, '50#ESCAROLA,MUÇARELA,CATUPIRY,BACON', 1, '[{\"nome\":\"BROTINHO 25cm\",\"preco\":53},{\"nome\":\"GRANDE 35cm\",\"preco\":78}]', '[3,1]', 0, 0, '/uploads/prod_1783132484512.jpg', 'Escarola, muçarela, Catupiry Original, bacon, alho frito, azeitonas e orégano.', 1, 0, 0, 0, 0),
(53, 2, NULL, '51# LOMBO QUEIJO', 1, '[{\"nome\":\"BROTINHO 25cm\",\"preco\":44},{\"nome\":\"GRANDE 35cm\",\"preco\":67}]', '[3,1]', 0, 0, '/uploads/prod_1783132554740.jpg', 'Lombo, muçarela, azeitona e orégano.', 1, 0, 0, 0, 0),
(54, 2, NULL, '51# LOMBO QUEIJO', 1, '[{\"nome\":\"BROTINHO 25cm\",\"preco\":44},{\"nome\":\"GRANDE 35cm\",\"preco\":67}]', '[]', 0, 0, '/uploads/prod_1783132691497.jpg', 'Lombo, muçarela, azeitona e orégano.', 1, 0, 0, 0, 0),
(55, 2, NULL, '52# LOMBO, QUEIJO E CATUPIRY', 1, '[{\"nome\":\"BROTINHO 25cm\",\"preco\":60},{\"nome\":\"GRANDE 35cm\",\"preco\":90}]', '[3,1]', 0, 0, '/uploads/prod_1783132737356.jpg', 'Lombo, muçarela, Catupiry Original, azeitona e orégano.', 1, 0, 0, 0, 0),
(56, 2, NULL, '53# LOMBO CATURIRY', 1, '[{\"nome\":\"BROTINHO 25cm\",\"preco\":45},{\"nome\":\"GRANDE 35cm\",\"preco\":68}]', '[3,1]', 0, 0, '/uploads/prod_1783132904626.jpg', 'Lombo, Catupiry Original, azeitonas e orégano.', 1, 0, 0, 0, 0),
(57, 2, NULL, '54# CHAMPIGNON', 1, '[{\"nome\":\"BROTINHO 25cm\",\"preco\":40},{\"nome\":\"GRANDE 35cm\",\"preco\":61}]', '[3,1]', 0, 0, '/uploads/prod_1783133066140.jpg', 'Muçarela, champignon, azeitona preta e orégano.', 1, 0, 0, 0, 0),
(58, 2, NULL, '55# SICILIANA', 1, '[{\"nome\":\"BROTINHO 25cm\",\"preco\":53},{\"nome\":\"GRANDE 35cm\",\"preco\":59}]', '[3,1]', 0, 0, '/uploads/prod_1783133144045.jpg', 'Muçarela, bacon, champignon, azeitona preta e orégano.', 1, 0, 0, 0, 0),
(59, 2, NULL, '56# ATUM', 1, '[{\"nome\":\"BROTINHO 25cm\",\"preco\":43},{\"nome\":\"GRANDE 35cm\",\"preco\":65}]', '[3,1]', 0, 0, '/uploads/prod_1783133285394.jpg', 'Atum, cebola.', 1, 0, 0, 0, 0),
(60, 2, NULL, '57# PERUANA', 1, '[{\"nome\":\"BROTINO 25cm\",\"preco\":55},{\"nome\":\"GRANDE 35cm\",\"preco\":75}]', '[3,1]', 0, 0, '/uploads/prod_1783133417934.jpg', 'Atum, muçarela, cebola, azeitonas e orégano.', 1, 0, 0, 0, 0),
(61, 2, NULL, '58# ATUM COM CATUPIRY ORIGINAL', 1, '[{\"nome\":\"BROTINHO 25cm\",\"preco\":56},{\"nome\":\"GRANDE 35cm\",\"preco\":77}]', '[3,1]', 0, 0, '/uploads/prod_1783133600834.jpg', 'Atum, Catupiry Original, orégano e azeitonas.', 1, 0, 0, 0, 0),
(62, 2, NULL, '72#ESCAROLA COM CATUPURY', 1, '[{\"nome\":\"GRANDE 35cm\",\"preco\":69}]', '[3,1]', 0, 0, '/uploads/prod_1783133825883.jpg', 'Escarola , Catupiry , Bacon e alho frito', 1, 0, 0, 0, 0),
(63, 2, NULL, '73#FRANGO COM REQUEIJÃO', 1, '[{\"nome\":\"GRANDE 35cm\",\"preco\":0}]', '[3,1]', 0, 0, '/uploads/prod_1783134052429.jpg', 'Frango com Requeijão, Azeitona e orégano .', 1, 0, 0, 0, 0),
(64, 3, NULL, 'PIZZA GRANDE 2 SABORES 35CM', 1, '[]', '[3,2,1]', 0, 0, '/uploads/prod_1783199664510.png', '', 1, 0, 0, 0, 0),
(65, 4, NULL, '59# ROMEU & JULIETA', 1, '[{\"nome\":\"BROTINHO 25cm\",\"preco\":39},{\"nome\":\"GRANDE 35cm\",\"preco\":55}]', '[3,1]', 0, 0, '/uploads/prod_1783204545848.jpg', 'Muçarela e goiaba.', 1, 0, 1, 0, 0),
(66, 4, NULL, '60# PRETÍGIO', 1, '[{\"nome\":\"BROTINHO 25cm\",\"preco\":45},{\"nome\":\"GRANDE 35cm\",\"preco\":60}]', '[3,1]', 0, 0, '/uploads/prod_1783204638942.jpg', 'Chocolate Nestlé, Leite Moça e coco ralado', 1, 0, 0, 0, 0),
(67, 4, NULL, '62# BRIGADEIRO', 1, '[]', '[3,1]', 0, 0, '/uploads/prod_1783204800661.jpg', 'Chocolate Nestlé, Leite Moça e chocolate granulado.', 1, 0, 0, 0, 0),
(68, 6, NULL, '1/2MUÇARELA1/2CALABRESA+COCA350ML', 1, '[]', '[3]', 31, 0, '/uploads/prod_1783204929677.jpg', '1/2MUÇARELA1/2CALABRESA+COCA350ML\nUma pizza BROTO 1/2 Calabresa 1/2 Muçarela + Coca Cola 350ml . Muçarela, Calabresa, Cebola, Azeitona e Orégano', 1, 0, 0, 0, 0),
(69, 6, NULL, '1/2 MUÇARELA 1/2 CALABRESA+COCA2L Pizza Grande de 35cm', 1, '[]', '[3]', 60, 0, '/uploads/prod_1783205023808.jpg', '1/2 MUÇARELA 1/2 CALABRESA+COCA2L\nPizza Grande de 35cm . Muçarela , Calabresa , Cebola , Azeitona e Orégano .', 1, 0, 0, 0, 0),
(70, 1, NULL, 'PIZZA DE CALABRESA', 1, '[]', '[3,1]', 39.9, 0, '/uploads/prod_1783205251350.jpg', 'Calabresa, cebola, azeitonas,orégano.', 1, 0, 0, 0, 0),
(71, 1, NULL, '1/2 MUÇARELA1/2CALABRESA', 1, '[]', '[3,1]', 45, 0, '/uploads/prod_1783205300198.jpg', 'Muçarela, calabresa , Cebola , Azeitona e Orégano ', 1, 0, 0, 0, 0);

-- --------------------------------------------------------

--
-- Estrutura para tabela `raspadinha_cartas`
--

CREATE TABLE `raspadinha_cartas` (
  `id` int(11) NOT NULL,
  `nome` varchar(200) DEFAULT NULL,
  `imagem` varchar(500) DEFAULT NULL,
  `pontos` int(11) DEFAULT 0,
  `probabilidade` int(11) DEFAULT 50,
  `ordem` int(11) DEFAULT 0,
  `ativo` tinyint(4) DEFAULT 1,
  `criado_em` datetime DEFAULT current_timestamp()
) ENGINE=InnoDB DEFAULT CHARSET=utf8mb4 COLLATE=utf8mb4_general_ci;

-- --------------------------------------------------------

--
-- Estrutura para tabela `raspadinha_instancias`
--

CREATE TABLE `raspadinha_instancias` (
  `id` int(11) NOT NULL,
  `cliente_auth_id` int(11) NOT NULL,
  `pedido_id` int(11) DEFAULT NULL,
  `status` varchar(20) DEFAULT 'pendente',
  `carta_id` int(11) DEFAULT NULL,
  `pontos_ganhos` int(11) DEFAULT 0,
  `raspada_em` datetime DEFAULT NULL,
  `criado_em` datetime DEFAULT current_timestamp()
) ENGINE=InnoDB DEFAULT CHARSET=utf8mb4 COLLATE=utf8mb4_general_ci;

-- --------------------------------------------------------

--
-- Estrutura para tabela `raspadinha_premios`
--

CREATE TABLE `raspadinha_premios` (
  `id` int(11) NOT NULL,
  `produto_id` int(11) NOT NULL DEFAULT 0,
  `nome` varchar(300) DEFAULT NULL,
  `imagem` varchar(500) DEFAULT NULL,
  `pontos_necessarios` int(11) NOT NULL DEFAULT 0,
  `ativo` tinyint(4) DEFAULT 1,
  `criado_em` datetime DEFAULT current_timestamp()
) ENGINE=InnoDB DEFAULT CHARSET=utf8mb4 COLLATE=utf8mb4_general_ci;

-- --------------------------------------------------------

--
-- Estrutura para tabela `raspadinha_resgates`
--

CREATE TABLE `raspadinha_resgates` (
  `id` int(11) NOT NULL,
  `cliente_auth_id` int(11) NOT NULL,
  `premio_id` int(11) NOT NULL,
  `produto_id` int(11) NOT NULL DEFAULT 0,
  `pontos_gastos` int(11) NOT NULL DEFAULT 0,
  `status` varchar(30) DEFAULT 'pendente',
  `pedido_id` int(11) DEFAULT NULL,
  `criado_em` datetime DEFAULT current_timestamp()
) ENGINE=InnoDB DEFAULT CHARSET=utf8mb4 COLLATE=utf8mb4_general_ci;

--
-- Índices para tabelas despejadas
--

--
-- Índices de tabela `adicionais`
--
ALTER TABLE `adicionais`
  ADD PRIMARY KEY (`id`);

--
-- Índices de tabela `agendamentos`
--
ALTER TABLE `agendamentos`
  ADD PRIMARY KEY (`id`);

--
-- Índices de tabela `bairros`
--
ALTER TABLE `bairros`
  ADD PRIMARY KEY (`id`);

--
-- Índices de tabela `caixa`
--
ALTER TABLE `caixa`
  ADD PRIMARY KEY (`id`);

--
-- Índices de tabela `caixa_movimentos`
--
ALTER TABLE `caixa_movimentos`
  ADD PRIMARY KEY (`id`),
  ADD KEY `idx_caixa_mov` (`caixa_id`);

--
-- Índices de tabela `categorias`
--
ALTER TABLE `categorias`
  ADD PRIMARY KEY (`id`);

--
-- Índices de tabela `categorias_adicionais`
--
ALTER TABLE `categorias_adicionais`
  ADD PRIMARY KEY (`id`);

--
-- Índices de tabela `cidades`
--
ALTER TABLE `cidades`
  ADD PRIMARY KEY (`id`);

--
-- Índices de tabela `clientes`
--
ALTER TABLE `clientes`
  ADD PRIMARY KEY (`numero`);

--
-- Índices de tabela `clientes_auth`
--
ALTER TABLE `clientes_auth`
  ADD PRIMARY KEY (`id`),
  ADD KEY `idx_cli_auth_tel` (`telefone`);

--
-- Índices de tabela `configuracoes`
--
ALTER TABLE `configuracoes`
  ADD PRIMARY KEY (`chave`);

--
-- Índices de tabela `cupons`
--
ALTER TABLE `cupons`
  ADD PRIMARY KEY (`id`),
  ADD UNIQUE KEY `codigo` (`codigo`);

--
-- Índices de tabela `entregadores`
--
ALTER TABLE `entregadores`
  ADD PRIMARY KEY (`id`),
  ADD KEY `idx_entreg_status` (`status`);

--
-- Índices de tabela `entregadores_fechamentos`
--
ALTER TABLE `entregadores_fechamentos`
  ADD PRIMARY KEY (`id`),
  ADD KEY `entregador_id` (`entregador_id`);

--
-- Índices de tabela `entregadores_loc`
--
ALTER TABLE `entregadores_loc`
  ADD PRIMARY KEY (`entregador_id`);

--
-- Índices de tabela `entregadores_vales`
--
ALTER TABLE `entregadores_vales`
  ADD PRIMARY KEY (`id`),
  ADD KEY `entregador_id` (`entregador_id`);

--
-- Índices de tabela `estado_fluxo`
--
ALTER TABLE `estado_fluxo`
  ADD PRIMARY KEY (`numero`);

--
-- Índices de tabela `fluxos`
--
ALTER TABLE `fluxos`
  ADD PRIMARY KEY (`id`);

--
-- Índices de tabela `formas_pagamento`
--
ALTER TABLE `formas_pagamento`
  ADD PRIMARY KEY (`id`);

--
-- Índices de tabela `garcons`
--
ALTER TABLE `garcons`
  ADD PRIMARY KEY (`id`),
  ADD UNIQUE KEY `login` (`login`),
  ADD KEY `idx_garcon_login` (`login`);

--
-- Índices de tabela `garcons_fechamentos`
--
ALTER TABLE `garcons_fechamentos`
  ADD PRIMARY KEY (`id`),
  ADD KEY `idx_garcons_fechamentos_data` (`data_fechamento`),
  ADD KEY `idx_garcons_fechamentos_garcon_data` (`garcon_id`,`data_fechamento`);

--
-- Índices de tabela `garcons_vendas`
--
ALTER TABLE `garcons_vendas`
  ADD PRIMARY KEY (`id`),
  ADD KEY `idx_gv_garcon` (`garcon_id`),
  ADD KEY `idx_gv_data` (`data_venda`);

--
-- Índices de tabela `historico`
--
ALTER TABLE `historico`
  ADD PRIMARY KEY (`id`),
  ADD KEY `idx_hist_numero` (`numero`),
  ADD KEY `idx_hist_msg_id` (`msg_id`);

--
-- Índices de tabela `historico_fidelidade`
--
ALTER TABLE `historico_fidelidade`
  ADD PRIMARY KEY (`id`),
  ADD KEY `idx_hist_fid_cli` (`cliente_auth_id`);

--
-- Índices de tabela `livro_caixa`
--
ALTER TABLE `livro_caixa`
  ADD PRIMARY KEY (`id`),
  ADD KEY `idx_caixa_data` (`data_registro`);

--
-- Índices de tabela `livro_caixa_alarmes`
--
ALTER TABLE `livro_caixa_alarmes`
  ADD PRIMARY KEY (`id`),
  ADD KEY `idx_alarme_agendado` (`agendado_para`),
  ADD KEY `idx_alarme_visto` (`visto`);

--
-- Índices de tabela `memoria_tags`
--
ALTER TABLE `memoria_tags`
  ADD PRIMARY KEY (`numero`);

--
-- Índices de tabela `mesas`
--
ALTER TABLE `mesas`
  ADD PRIMARY KEY (`id`);

--
-- Índices de tabela `pedidos_pdv`
--
ALTER TABLE `pedidos_pdv`
  ADD PRIMARY KEY (`id`),
  ADD KEY `idx_ped_status` (`status`),
  ADD KEY `idx_ped_data` (`data`);

--
-- Índices de tabela `produtos`
--
ALTER TABLE `produtos`
  ADD PRIMARY KEY (`id`);

--
-- Índices de tabela `raspadinha_cartas`
--
ALTER TABLE `raspadinha_cartas`
  ADD PRIMARY KEY (`id`);

--
-- Índices de tabela `raspadinha_instancias`
--
ALTER TABLE `raspadinha_instancias`
  ADD PRIMARY KEY (`id`);

--
-- Índices de tabela `raspadinha_premios`
--
ALTER TABLE `raspadinha_premios`
  ADD PRIMARY KEY (`id`);

--
-- Índices de tabela `raspadinha_resgates`
--
ALTER TABLE `raspadinha_resgates`
  ADD PRIMARY KEY (`id`);

--
-- AUTO_INCREMENT para tabelas despejadas
--

--
-- AUTO_INCREMENT de tabela `adicionais`
--
ALTER TABLE `adicionais`
  MODIFY `id` int(11) NOT NULL AUTO_INCREMENT, AUTO_INCREMENT=82;

--
-- AUTO_INCREMENT de tabela `agendamentos`
--
ALTER TABLE `agendamentos`
  MODIFY `id` int(11) NOT NULL AUTO_INCREMENT;

--
-- AUTO_INCREMENT de tabela `bairros`
--
ALTER TABLE `bairros`
  MODIFY `id` int(11) NOT NULL AUTO_INCREMENT, AUTO_INCREMENT=52;

--
-- AUTO_INCREMENT de tabela `caixa`
--
ALTER TABLE `caixa`
  MODIFY `id` int(11) NOT NULL AUTO_INCREMENT, AUTO_INCREMENT=2;

--
-- AUTO_INCREMENT de tabela `caixa_movimentos`
--
ALTER TABLE `caixa_movimentos`
  MODIFY `id` int(11) NOT NULL AUTO_INCREMENT;

--
-- AUTO_INCREMENT de tabela `categorias`
--
ALTER TABLE `categorias`
  MODIFY `id` int(11) NOT NULL AUTO_INCREMENT, AUTO_INCREMENT=7;

--
-- AUTO_INCREMENT de tabela `categorias_adicionais`
--
ALTER TABLE `categorias_adicionais`
  MODIFY `id` int(11) NOT NULL AUTO_INCREMENT, AUTO_INCREMENT=4;

--
-- AUTO_INCREMENT de tabela `cidades`
--
ALTER TABLE `cidades`
  MODIFY `id` int(11) NOT NULL AUTO_INCREMENT, AUTO_INCREMENT=4;

--
-- AUTO_INCREMENT de tabela `clientes_auth`
--
ALTER TABLE `clientes_auth`
  MODIFY `id` int(11) NOT NULL AUTO_INCREMENT, AUTO_INCREMENT=2;

--
-- AUTO_INCREMENT de tabela `cupons`
--
ALTER TABLE `cupons`
  MODIFY `id` int(11) NOT NULL AUTO_INCREMENT, AUTO_INCREMENT=8;

--
-- AUTO_INCREMENT de tabela `entregadores`
--
ALTER TABLE `entregadores`
  MODIFY `id` int(11) NOT NULL AUTO_INCREMENT;

--
-- AUTO_INCREMENT de tabela `entregadores_fechamentos`
--
ALTER TABLE `entregadores_fechamentos`
  MODIFY `id` int(11) NOT NULL AUTO_INCREMENT;

--
-- AUTO_INCREMENT de tabela `entregadores_vales`
--
ALTER TABLE `entregadores_vales`
  MODIFY `id` int(11) NOT NULL AUTO_INCREMENT;

--
-- AUTO_INCREMENT de tabela `fluxos`
--
ALTER TABLE `fluxos`
  MODIFY `id` int(11) NOT NULL AUTO_INCREMENT;

--
-- AUTO_INCREMENT de tabela `formas_pagamento`
--
ALTER TABLE `formas_pagamento`
  MODIFY `id` int(11) NOT NULL AUTO_INCREMENT, AUTO_INCREMENT=8;

--
-- AUTO_INCREMENT de tabela `garcons`
--
ALTER TABLE `garcons`
  MODIFY `id` int(11) NOT NULL AUTO_INCREMENT;

--
-- AUTO_INCREMENT de tabela `garcons_fechamentos`
--
ALTER TABLE `garcons_fechamentos`
  MODIFY `id` int(11) NOT NULL AUTO_INCREMENT;

--
-- AUTO_INCREMENT de tabela `garcons_vendas`
--
ALTER TABLE `garcons_vendas`
  MODIFY `id` int(11) NOT NULL AUTO_INCREMENT;

--
-- AUTO_INCREMENT de tabela `historico`
--
ALTER TABLE `historico`
  MODIFY `id` int(11) NOT NULL AUTO_INCREMENT;

--
-- AUTO_INCREMENT de tabela `historico_fidelidade`
--
ALTER TABLE `historico_fidelidade`
  MODIFY `id` int(11) NOT NULL AUTO_INCREMENT, AUTO_INCREMENT=2;

--
-- AUTO_INCREMENT de tabela `livro_caixa`
--
ALTER TABLE `livro_caixa`
  MODIFY `id` int(11) NOT NULL AUTO_INCREMENT;

--
-- AUTO_INCREMENT de tabela `livro_caixa_alarmes`
--
ALTER TABLE `livro_caixa_alarmes`
  MODIFY `id` int(11) NOT NULL AUTO_INCREMENT;

--
-- AUTO_INCREMENT de tabela `mesas`
--
ALTER TABLE `mesas`
  MODIFY `id` int(11) NOT NULL AUTO_INCREMENT;

--
-- AUTO_INCREMENT de tabela `pedidos_pdv`
--
ALTER TABLE `pedidos_pdv`
  MODIFY `id` int(11) NOT NULL AUTO_INCREMENT, AUTO_INCREMENT=2;

--
-- AUTO_INCREMENT de tabela `produtos`
--
ALTER TABLE `produtos`
  MODIFY `id` int(11) NOT NULL AUTO_INCREMENT, AUTO_INCREMENT=72;

--
-- AUTO_INCREMENT de tabela `raspadinha_cartas`
--
ALTER TABLE `raspadinha_cartas`
  MODIFY `id` int(11) NOT NULL AUTO_INCREMENT;

--
-- AUTO_INCREMENT de tabela `raspadinha_instancias`
--
ALTER TABLE `raspadinha_instancias`
  MODIFY `id` int(11) NOT NULL AUTO_INCREMENT;

--
-- AUTO_INCREMENT de tabela `raspadinha_premios`
--
ALTER TABLE `raspadinha_premios`
  MODIFY `id` int(11) NOT NULL AUTO_INCREMENT;

--
-- AUTO_INCREMENT de tabela `raspadinha_resgates`
--
ALTER TABLE `raspadinha_resgates`
  MODIFY `id` int(11) NOT NULL AUTO_INCREMENT;

--
-- Restrições para tabelas despejadas
--

--
-- Restrições para tabelas `entregadores_fechamentos`
--
ALTER TABLE `entregadores_fechamentos`
  ADD CONSTRAINT `entregadores_fechamentos_ibfk_1` FOREIGN KEY (`entregador_id`) REFERENCES `entregadores` (`id`) ON DELETE CASCADE;

--
-- Restrições para tabelas `entregadores_loc`
--
ALTER TABLE `entregadores_loc`
  ADD CONSTRAINT `entregadores_loc_ibfk_1` FOREIGN KEY (`entregador_id`) REFERENCES `entregadores` (`id`) ON DELETE CASCADE;

--
-- Restrições para tabelas `entregadores_vales`
--
ALTER TABLE `entregadores_vales`
  ADD CONSTRAINT `entregadores_vales_ibfk_1` FOREIGN KEY (`entregador_id`) REFERENCES `entregadores` (`id`) ON DELETE CASCADE;
COMMIT;

